{"id":10227,"date":"2025-10-19T11:58:49","date_gmt":"2025-10-19T09:58:49","guid":{"rendered":"https:\/\/www.biokari.sk\/produkt\/vital-kvapky-na-vlasy-fs-40ml\/"},"modified":"2026-04-15T19:02:41","modified_gmt":"2026-04-15T17:02:41","slug":"vital-kvapky-na-vlasy-fs-40ml","status":"publish","type":"product","link":"https:\/\/www.biokari.sk\/en\/product\/vital-kvapky-na-vlasy-fs-40ml\/","title":{"rendered":"Vital Kvapky na vlasy FS 40ml"},"content":{"rendered":"<p><strong>CHARAKTERISTIKA:<\/strong> \u0160peci\u00e1lny pr\u00edpravok vyvinut\u00fd na <strong>starostlivos\u0165 o seboroick\u00fa vlasov\u00fa poko\u017eku s lupinami<\/strong>. Pr\u00edrodn\u00e9 akt\u00edvne zlo\u017eky pom\u00e1haj\u00fa <strong>normalizova\u0165 \u010dinnos\u0165 mazov\u00fdch \u017eliaz<\/strong>, z\u00e1rove\u0148 <strong>zabra\u0148uj\u00fa tvorbe lup\u00edn<\/strong>, \u010d\u00edm napom\u00e1haj\u00fa <strong>o\u010disteniu poko\u017eky hlavy<\/strong> a redukuj\u00fa <strong>tvorbu mazu aj lup\u00edn<\/strong>.<\/p>\n\n\n\n<p><strong>POU\u017dITIE:<\/strong> Produkt obsahuje d\u00e1vku posta\u010duj\u00facu na <strong>1 mesiac<\/strong>. Naneste na poko\u017eku hlavy <strong>dva kr\u00e1t do t\u00fd\u017ed\u0148a 4 ml pr\u00edpravku<\/strong>. Koncentrovan\u00e9 kvapky nechajte p\u00f4sobi\u0165 na poko\u017eke hlavy a n\u00e1sledne pr\u00edpravok <strong>jemne vmas\u00edrujte do poko\u017eky<\/strong>. Na za\u010diatku pou\u017e\u00edvania m\u00f4\u017eete poci\u0165ova\u0165 <strong>zv\u00fd\u0161en\u00fa tvorbu lup\u00edn<\/strong>, \u010do je <strong>prirodzenou s\u00fa\u010das\u0165ou o\u010distn\u00e9ho procesu<\/strong>.<\/p>\n\n\n\n<p><strong>BALENIE:<\/strong> 40 ml<\/p>\n\n\n\n<p><strong>UPOZORNENIE:<\/strong> Pr\u00edpravok sa <strong>nesmie dosta\u0165 do o\u010d\u00ed<\/strong>. Pou\u017e\u00edvajte <strong>len na zdrav\u00fa poko\u017eku<\/strong>. Nepou\u017e\u00edvajte, ak je poko\u017eka <strong>poranen\u00e1 alebo podr\u00e1\u017eden\u00e1<\/strong>. <strong>Uchov\u00e1vajte mimo dosahu det\u00ed.<\/strong> Po pou\u017eit\u00ed sa m\u00f4\u017ee na mieste aplik\u00e1cie objavi\u0165 <strong>mierne za\u010dervenanie<\/strong>, ktor\u00e9 je <strong>prirodzen\u00e9<\/strong>. <strong>Len na vonkaj\u0161ie pou\u017eitie \u2013 nekonzumujte.<\/strong><\/p>","protected":false},"excerpt":{"rendered":"<p>&#8230; <a class=\"more-link\" href=\"#tab-description\">Read more<\/a><\/p>","protected":false},"featured_media":10228,"comment_status":"open","ping_status":"closed","template":"","meta":{"inline_featured_image":false},"product_brand":[279],"product_cat":[249],"product_tag":[],"class_list":{"0":"post-10227","1":"product","2":"type-product","3":"status-publish","4":"has-post-thumbnail","6":"product_brand-vital","7":"product_cat-kozmeticke-vyrobky","9":"first","10":"onbackorder","11":"taxable","12":"shipping-taxable","13":"purchasable","14":"product-type-simple"},"aioseo_notices":[],"_links":{"self":[{"href":"https:\/\/www.biokari.sk\/en\/wp-json\/wp\/v2\/product\/10227","targetHints":{"allow":["GET"]}}],"collection":[{"href":"https:\/\/www.biokari.sk\/en\/wp-json\/wp\/v2\/product"}],"about":[{"href":"https:\/\/www.biokari.sk\/en\/wp-json\/wp\/v2\/types\/product"}],"replies":[{"embeddable":true,"href":"https:\/\/www.biokari.sk\/en\/wp-json\/wp\/v2\/comments?post=10227"}],"wp:featuredmedia":[{"embeddable":true,"href":"https:\/\/www.biokari.sk\/en\/wp-json\/wp\/v2\/media\/10228"}],"wp:attachment":[{"href":"https:\/\/www.biokari.sk\/en\/wp-json\/wp\/v2\/media?parent=10227"}],"wp:term":[{"taxonomy":"product_brand","embeddable":true,"href":"https:\/\/www.biokari.sk\/en\/wp-json\/wp\/v2\/product_brand?post=10227"},{"taxonomy":"product_cat","embeddable":true,"href":"https:\/\/www.biokari.sk\/en\/wp-json\/wp\/v2\/product_cat?post=10227"},{"taxonomy":"product_tag","embeddable":true,"href":"https:\/\/www.biokari.sk\/en\/wp-json\/wp\/v2\/product_tag?post=10227"}],"curies":[{"name":"wp","href":"https:\/\/api.w.org\/{rel}","templated":true}]}}

<p><strong>CHARAKTERISTIKA:</strong> Špeciálny prípravok vyvinutý na <strong>starostlivosť o seboroickú vlasovú pokožku s lupinami</strong>. Prírodné aktívne zložky pomáhajú <strong>normalizovať činnosť mazových žliaz</strong>, zároveň <strong>zabraňujú tvorbe lupín</strong>, čím napomáhajú <strong>očisteniu pokožky hlavy</strong> a redukujú <strong>tvorbu mazu aj lupín</strong>.</p>



<p><strong>POUŽITIE:</strong> Produkt obsahuje dávku postačujúcu na <strong>1 mesiac</strong>. Naneste na pokožku hlavy <strong>dva krát do týždňa 4 ml prípravku</strong>. Koncentrované kvapky nechajte pôsobiť na pokožke hlavy a následne prípravok <strong>jemne vmasírujte do pokožky</strong>. Na začiatku používania môžete pociťovať <strong>zvýšenú tvorbu lupín</strong>, čo je <strong>prirodzenou súčasťou očistného procesu</strong>.</p>



<p><strong>BALENIE:</strong> 40 ml</p>



<p><strong>UPOZORNENIE:</strong> Prípravok sa <strong>nesmie dostať do očí</strong>. Používajte <strong>len na zdravú pokožku</strong>. Nepoužívajte, ak je pokožka <strong>poranená alebo podráždená</strong>. <strong>Uchovávajte mimo dosahu detí.</strong> Po použití sa môže na mieste aplikácie objaviť <strong>mierne začervenanie</strong>, ktoré je <strong>prirodzené</strong>. <strong>Len na vonkajšie použitie – nekonzumujte.</strong></p>
