{"id":9623,"date":"2025-07-30T13:08:30","date_gmt":"2025-07-30T11:08:30","guid":{"rendered":"https:\/\/www.biokari.sk\/produkt\/zafir-kapsuly-na-alergie-60ks\/"},"modified":"2026-05-02T19:01:08","modified_gmt":"2026-05-02T17:01:08","slug":"zafir-kapsuly-na-alergie-60ks","status":"publish","type":"product","link":"https:\/\/www.biokari.sk\/hu\/termek\/zafir-allergia-kapszula-60db\/","title":{"rendered":"Zaf\u00edr kapszula allergi\u00e1ra 60db"},"content":{"rendered":"<p>Sokan mondj\u00e1k, hogy csak k\u00e9tf\u00e9le ember l\u00e9tezik: aki allergi\u00e1s \u00e9s aki m\u00e9g nem allergi\u00e1s!<br>Sajnos minden jel arra utal, hogy ebben a cinikus kijelent\u00e9sben van egy szemernyi igazs\u00e1g.<\/p>\n\n\n\n<p>Az ALLERGOL DR els\u0151sorban az immunrendszer fiziol\u00f3giai m\u0171k\u00f6d\u00e9s\u00e9t er\u0151s\u00edti, mivel a j\u00f3l felk\u00e9sz\u00fclt, megfelel\u0151en m\u0171k\u00f6d\u0151 v\u00e9dekez\u00e9s k\u00e9pes megv\u00e9deni a szervezetet a k\u00fcl\u00f6nb\u00f6z\u0151 k\u00f6rnyezeti vagy k\u00e9miai ingerekkel szemben.<\/p>\n\n\n\n<p><strong>Adagol\u00e1s:<\/strong> a szok\u00e1sos adag 1-2\u00d71 kapszula naponta.<br>Amennyiben a term\u00e9k szed\u00e9se sor\u00e1n b\u00e1rmilyen eg\u00e9szs\u00e9g\u00fcgyi probl\u00e9ma mer\u00fcl fel, forduljon orvos\u00e1hoz!<br><strong>T\u00e1rol\u00e1s:<\/strong> sz\u00e1raz, h\u0171v\u00f6s helyen, gyermekek el\u0151l elz\u00e1rva.<\/p>\n\n\n\n<p><strong>Hozz\u00e1j\u00e1rul az allergia \u00e9s a t\u00fal\u00e9rz\u00e9kenys\u00e9g kialakul\u00e1s\u00e1hoz:<\/strong> <br>ha \u00e9trend\u00fcnkben hossz\u00fa ideig a kem\u00e9ny\u00edt\u0151tartalm\u00fa \u00e9lelmiszerek domin\u00e1lnak, <br>a cukor t\u00falzott fogyaszt\u00e1sa b\u00e1rmilyen \u00e9des form\u00e1ban, <br>b\u00e1rmilyen tart\u00f3s\u00edt\u00f3szer - ak\u00e1r a polcokon tal\u00e1lhat\u00f3, ak\u00e1r a burgonya vagy m\u00e1s z\u00f6lds\u00e9gek gyorsf\u0151z\u00e9s\u00e9hez haszn\u00e1lt, hogy ne barnuljanak meg felhaszn\u00e1l\u00e1s el\u0151tt, <br>a keny\u00e9rs\u00fct\u00e9s sor\u00e1n haszn\u00e1lt vegyi anyagok, amelyekkel a keny\u00e9r vonz\u00f3v\u00e1 tehet\u0151 \u00e9s hosszabb ideig frissen tarthat\u00f3.<br>Az allergi\u00e1s t\u00fcneteknek sokf\u00e9le oka lehet - a kiv\u00e1lt\u00f3 okok pontos ismerete n\u00e9lk\u00fcl szinte lehetetlen olyan univerz\u00e1lis term\u00e9ket el\u0151\u00e1ll\u00edtani, amely enyh\u00edti a t\u00fcneteket.<br>De van megold\u00e1s - nem csak a t\u00fcnetekkel kell foglalkoznunk, amikor azok megjelennek, hanem a szervezet ellen\u00e1ll\u00f3 k\u00e9pess\u00e9g\u00e9t is meg kell er\u0151s\u00edten\u00fcnk, miel\u0151tt azok jelentkezn\u00e9nek.<\/p>\n\n\n\n<p><strong>\u00d6sszet\u00e9tel:<\/strong> homokt\u00f6vis (<em>Hippophae rhamnoides<\/em>)<br>A haz\u00e1nkban honos gy\u00fcm\u00f6lcscserj\u00e9k k\u00f6z\u00fcl a homokt\u00f6vis gy\u00fcm\u00f6lcse tartalmazza a legt\u00f6bb C-vitamint (500-900 mg\/100 g).<br>Ezenk\u00edv\u00fcl nagy mennyis\u00e9gben tartalmaz A-, B1-, B2-, B6-, B8-, B9-, E-, K-, P- \u00e9s PP-vitamint is.<\/p>\n\n\n\n<p><strong>Egy \u00fajabb kincs a term\u00e9szet patik\u00e1j\u00e1b\u00f3l!<\/strong><br><strong>Mennyis\u00e9g:<\/strong> 60db<br>T\u00e1rolja h\u0171v\u00f6s helyen.<br><strong>Minim\u00e1lis eltarthat\u00f3s\u00e1gi id\u0151:<\/strong> L\u00e1sd a csomagol\u00e1st.<br><br><\/p>","protected":false},"excerpt":{"rendered":"<p>&#8230; <a class=\"more-link\" href=\"#tab-description\">B\u0151vebben<\/a><\/p>","protected":false},"featured_media":9625,"comment_status":"open","ping_status":"closed","template":"","meta":{"inline_featured_image":false},"product_brand":[],"product_cat":[69],"product_tag":[],"class_list":{"0":"post-9623","1":"product","2":"type-product","3":"status-publish","4":"has-post-thumbnail","6":"product_cat-vyzivove-doplnky","8":"first","9":"instock","10":"taxable","11":"shipping-taxable","12":"purchasable","13":"product-type-simple"},"aioseo_notices":[],"_links":{"self":[{"href":"https:\/\/www.biokari.sk\/hu\/wp-json\/wp\/v2\/product\/9623","targetHints":{"allow":["GET"]}}],"collection":[{"href":"https:\/\/www.biokari.sk\/hu\/wp-json\/wp\/v2\/product"}],"about":[{"href":"https:\/\/www.biokari.sk\/hu\/wp-json\/wp\/v2\/types\/product"}],"replies":[{"embeddable":true,"href":"https:\/\/www.biokari.sk\/hu\/wp-json\/wp\/v2\/comments?post=9623"}],"wp:featuredmedia":[{"embeddable":true,"href":"https:\/\/www.biokari.sk\/hu\/wp-json\/wp\/v2\/media\/9625"}],"wp:attachment":[{"href":"https:\/\/www.biokari.sk\/hu\/wp-json\/wp\/v2\/media?parent=9623"}],"wp:term":[{"taxonomy":"product_brand","embeddable":true,"href":"https:\/\/www.biokari.sk\/hu\/wp-json\/wp\/v2\/product_brand?post=9623"},{"taxonomy":"product_cat","embeddable":true,"href":"https:\/\/www.biokari.sk\/hu\/wp-json\/wp\/v2\/product_cat?post=9623"},{"taxonomy":"product_tag","embeddable":true,"href":"https:\/\/www.biokari.sk\/hu\/wp-json\/wp\/v2\/product_tag?post=9623"}],"curies":[{"name":"wp","href":"https:\/\/api.w.org\/{rel}","templated":true}]}}

Zafír kapszula allergiára 60db

<p>Sokan mondják, hogy csak kétféle ember létezik: aki allergiás és aki még nem allergiás!<br>Sajnos minden jel arra utal, hogy ebben a cinikus kijelentésben van egy szemernyi igazság.</p>



<p>Az ALLERGOL DR elsősorban az immunrendszer fiziológiai működését erősíti, mivel a jól felkészült, megfelelően működő védekezés képes megvédeni a szervezetet a különböző környezeti vagy kémiai ingerekkel szemben.</p>



<p><strong>Adagolás:</strong> a szokásos adag 1-2×1 kapszula naponta.<br>Amennyiben a termék szedése során bármilyen egészségügyi probléma merül fel, forduljon orvosához!<br><strong>Tárolás:</strong> száraz, hűvös helyen, gyermekek elől elzárva.</p>



<p><strong>Hozzájárul az allergia és a túlérzékenység kialakulásához:</strong> <br>ha étrendünkben hosszú ideig a keményítőtartalmú élelmiszerek dominálnak, <br>a cukor túlzott fogyasztása bármilyen édes formában, <br>bármilyen tartósítószer - akár a polcokon található, akár a burgonya vagy más zöldségek gyorsfőzéséhez használt, hogy ne barnuljanak meg felhasználás előtt, <br>a kenyérsütés során használt vegyi anyagok, amelyekkel a kenyér vonzóvá tehető és hosszabb ideig frissen tartható.<br>Az allergiás tüneteknek sokféle oka lehet - a kiváltó okok pontos ismerete nélkül szinte lehetetlen olyan univerzális terméket előállítani, amely enyhíti a tüneteket.<br>De van megoldás - nem csak a tünetekkel kell foglalkoznunk, amikor azok megjelennek, hanem a szervezet ellenálló képességét is meg kell erősítenünk, mielőtt azok jelentkeznének.</p>



<p><strong>Összetétel:</strong> homoktövis (<em>Hippophae rhamnoides</em>)<br>A hazánkban honos gyümölcscserjék közül a homoktövis gyümölcse tartalmazza a legtöbb C-vitamint (500-900 mg/100 g).<br>Ezenkívül nagy mennyiségben tartalmaz A-, B1-, B2-, B6-, B8-, B9-, E-, K-, P- és PP-vitamint is.</p>



<p><strong>Egy újabb kincs a természet patikájából!</strong><br><strong>Mennyiség:</strong> 60db<br>Tárolja hűvös helyen.<br><strong>Minimális eltarthatósági idő:</strong> Lásd a csomagolást.<br><br></p>

<p>&#8230; <a class="more-link" href="#tab-description">Bővebben</a></p>
