{"id":9637,"date":"2025-07-30T15:56:56","date_gmt":"2025-07-30T13:56:56","guid":{"rendered":"https:\/\/www.biokari.sk\/produkt\/interherb-kolagen-a-kyselina-hialurony-prasok-s-prichutou-maliny\/"},"modified":"2026-04-18T19:02:55","modified_gmt":"2026-04-18T17:02:55","slug":"interherb-kolagen-a-kyselina-hialurony-prasok-s-prichutou-maliny","status":"publish","type":"product","link":"https:\/\/www.biokari.sk\/hu\/termek\/interherb-kollagen-es-hialuronsav-malna-izu-por\/","title":{"rendered":"Interherb kollag\u00e9n \u00e9s hialuronsav por m\u00e1lna \u00edzes\u00edt\u00e9ssel 300g"},"content":{"rendered":"<p>Az Interherb Collagen &amp; Hyaluronsav Intense egy t\u00e1pl\u00e1l\u00e9kkieg\u00e9sz\u00edt\u0151, amelynek \u00f6sszetev\u0151i hozz\u00e1j\u00e1rulnak a porcok \u00e9s az \u00edz\u00fcletek eg\u00e9szs\u00e9g\u00e9nek meg\u0151rz\u00e9s\u00e9hez. I. \u00e9s II. t\u00edpus\u00fa kollag\u00e9n peptideket, hialuronsavat, kondroitint, MSM-et, gl\u00fck\u00f3zamint \u00e9s C-vitamint tartalmaz\u00f3 ital k\u00e9sz\u00edt\u00e9s\u00e9re szolg\u00e1l\u00f3 por \u00e9des\u00edt\u0151szerrel. Ahogy \u00f6regsz\u00fcnk, \u00edz\u00fcleteink rugalmass\u00e1ga \u00e9s terhelhet\u0151s\u00e9ge cs\u00f6kkenhet, ami gyakran kihat a mindennapi \u00e9letre. Ez - \u00e9letkort\u00f3l f\u00fcggetlen\u00fcl - fokozott fizikai aktivit\u00e1s \u00e9s sportol\u00e1s eset\u00e9n is igaz. Ilyenkor a szervezet\u00fcnknek t\u00f6bb t\u00e1panyagra van sz\u00fcks\u00e9ge, \u00e9s az \u00edz\u00fcleteinknek is t\u00f6bb \u00e9p\u00edt\u0151elemre.<\/p>\n\n\n\n<p>A j\u00f3l old\u00f3d\u00f3, \u00edzletes \u00edzes\u00edt\u00e9s\u0171 por term\u00e9szetes porc- \u00e9s \u00edz\u00fcleti \u00f6sszetev\u0151ket biztos\u00edt gondosan kiv\u00e1lasztott ar\u00e1nyban \u00e9s nagy d\u00f3zisban. A term\u00e9k I. \u00e9s II. t\u00edpus\u00fa kollag\u00e9nt egyar\u00e1nt tartalmaz, ez\u00e9rt a csontok, inak \u00e9s szalagok, valamint az \u00edz\u00fcletek \u00e9s porcok \u00e9rt\u00e9kes \u00e9p\u00edt\u0151k\u00f6veinek t\u00e1pl\u00e1l\u00e9kkieg\u00e9sz\u00edt\u0151jek\u00e9nt aj\u00e1nlott - id\u0151sebb \u00e9s fiatalabb gener\u00e1ci\u00f3k, akt\u00edv \u00e9s kev\u00e9sb\u00e9 akt\u00edv emberek sz\u00e1m\u00e1ra egyar\u00e1nt.<\/p>\n\n\n\n<ul class=\"wp-block-list\">\n<li>kondroitin, MSM, gl\u00fckozamin, inulin \u00e9s C-vitamin tartalm\u00fa<\/li>\n\n\n\n<li>cukor \u00e9s tart\u00f3s\u00edt\u00f3szerek n\u00e9lk\u00fcl<\/li>\n\n\n\n<li>feh\u00e9rj\u00e9ben gazdag<\/li>\n\n\n\n<li>term\u00e9szetesen glut\u00e9n- \u00e9s lakt\u00f3zmentes<\/li>\n\n\n\n<li>t\u00f6k\u00e9letesen felold\u00f3dik<\/li>\n\n\n\n<li>kellemes m\u00e1lna \u00edz<\/li>\n<\/ul>\n\n\n\n<p><strong>Hat\u00f3anyagok napi adagban (12 g):<\/strong><br>Hidroliz\u00e1lt kollag\u00e9n peptid (I. \u00e9s II. t\u00edpus\u00fa): 8000 mg <br>Gl\u00fckozamin-szulf\u00e1t: 1500 mg - ebb\u0151l gl\u00fckozamin: 1131 mg <\/p>\n\n\n\n<ul class=\"wp-block-list\">\n<li>MSM: 300 mg<\/li>\n\n\n\n<li>Hialuronsav: 100 mg<\/li>\n\n\n\n<li>Kondroitin-szulf\u00e1t: 100 mg<\/li>\n\n\n\n<li>Kurkuma kivonat: 50 mg<br>- ebb\u0151l kurkumin: 47,5 mg<\/li>\n\n\n\n<li>Harpagophytum (\u00f6rd\u00f6gkarom) kivonat: 50 mg<br>- ebb\u0151l harpagosid: 1 mg<\/li>\n\n\n\n<li>C-vitamin: 200 mg<\/li>\n<\/ul>\n\n\n\n<p><strong>\u00d6sszet\u00e9tel:<\/strong> hidroliz\u00e1lt kollag\u00e9n kivonat (szarvasmarha eredet\u0171), gl\u00fck\u00f3zamin-szulf\u00e1t, savany\u00fas\u00e1got szab\u00e1lyoz\u00f3 anyag (citromsav), arom\u00e1k, metil-szulfonil-met\u00e1n (MSM), L-aszkorbinsav, csom\u00f3sod\u00e1sg\u00e1tl\u00f3 (trikalcium-foszf\u00e1t), n\u00e1trium-hialuron\u00e1t, kondroitin-szulf\u00e1t, kurkuma (Curcuma longa) gy\u00f6k\u00e9rkivonat, \u00f6rd\u00f6gkarom (Harpagophytum procumbens) gy\u00f6k\u00e9rkivonat, hidroliz\u00e1lt kollag\u00e9n kivonat (csirke eredet\u0171), \u00e9des\u00edt\u0151szerek (szteviol-glikozidok, szukral\u00f3z), konyhas\u00f3.<\/p>\n\n\n\n<p><strong>Aj\u00e1nlott napi adag:<\/strong> 1 adagol\u00f3kan\u00e1l port alaposan keverjen el 2,5-3,5 dl hideg v\u00edzben, \u00e9s lehet\u0151leg \u00e9tkez\u00e9s ut\u00e1n igya meg. <strong>Felhaszn\u00e1l\u00e1si aj\u00e1nl\u00e1s:<\/strong> 2-3 h\u00f3napig, majd tartson 2 h\u00e9t sz\u00fcnetet.<\/p>\n\n\n\n<p><strong>S\u00faly: <\/strong>300g<br>Sz\u00e1raz helyen t\u00e1rolja. <\/p>","protected":false},"excerpt":{"rendered":"<p>&#8230; <a class=\"more-link\" href=\"#tab-description\">B\u0151vebben<\/a><\/p>","protected":false},"featured_media":9639,"comment_status":"open","ping_status":"closed","template":"","meta":{"inline_featured_image":false},"product_brand":[],"product_cat":[69,145],"product_tag":[313],"class_list":{"0":"post-9637","1":"product","2":"type-product","3":"status-publish","4":"has-post-thumbnail","6":"product_cat-vyzivove-doplnky","7":"product_cat-krasa","8":"product_tag-top-ostatne","10":"first","11":"onbackorder","12":"taxable","13":"shipping-taxable","14":"purchasable","15":"product-type-simple"},"aioseo_notices":[],"_links":{"self":[{"href":"https:\/\/www.biokari.sk\/hu\/wp-json\/wp\/v2\/product\/9637","targetHints":{"allow":["GET"]}}],"collection":[{"href":"https:\/\/www.biokari.sk\/hu\/wp-json\/wp\/v2\/product"}],"about":[{"href":"https:\/\/www.biokari.sk\/hu\/wp-json\/wp\/v2\/types\/product"}],"replies":[{"embeddable":true,"href":"https:\/\/www.biokari.sk\/hu\/wp-json\/wp\/v2\/comments?post=9637"}],"wp:featuredmedia":[{"embeddable":true,"href":"https:\/\/www.biokari.sk\/hu\/wp-json\/wp\/v2\/media\/9639"}],"wp:attachment":[{"href":"https:\/\/www.biokari.sk\/hu\/wp-json\/wp\/v2\/media?parent=9637"}],"wp:term":[{"taxonomy":"product_brand","embeddable":true,"href":"https:\/\/www.biokari.sk\/hu\/wp-json\/wp\/v2\/product_brand?post=9637"},{"taxonomy":"product_cat","embeddable":true,"href":"https:\/\/www.biokari.sk\/hu\/wp-json\/wp\/v2\/product_cat?post=9637"},{"taxonomy":"product_tag","embeddable":true,"href":"https:\/\/www.biokari.sk\/hu\/wp-json\/wp\/v2\/product_tag?post=9637"}],"curies":[{"name":"wp","href":"https:\/\/api.w.org\/{rel}","templated":true}]}}

Interherb kollagén és hialuronsav por málna ízesítéssel 300g

<p>Az Interherb Collagen &amp; Hyaluronsav Intense egy táplálékkiegészítő, amelynek összetevői hozzájárulnak a porcok és az ízületek egészségének megőrzéséhez. I. és II. típusú kollagén peptideket, hialuronsavat, kondroitint, MSM-et, glükózamint és C-vitamint tartalmazó ital készítésére szolgáló por édesítőszerrel. Ahogy öregszünk, ízületeink rugalmassága és terhelhetősége csökkenhet, ami gyakran kihat a mindennapi életre. Ez - életkortól függetlenül - fokozott fizikai aktivitás és sportolás esetén is igaz. Ilyenkor a szervezetünknek több tápanyagra van szüksége, és az ízületeinknek is több építőelemre.</p>



<p>A jól oldódó, ízletes ízesítésű por természetes porc- és ízületi összetevőket biztosít gondosan kiválasztott arányban és nagy dózisban. A termék I. és II. típusú kollagént egyaránt tartalmaz, ezért a csontok, inak és szalagok, valamint az ízületek és porcok értékes építőköveinek táplálékkiegészítőjeként ajánlott - idősebb és fiatalabb generációk, aktív és kevésbé aktív emberek számára egyaránt.</p>



<ul class="wp-block-list">
<li>kondroitin, MSM, glükozamin, inulin és C-vitamin tartalmú</li>



<li>cukor és tartósítószerek nélkül</li>



<li>fehérjében gazdag</li>



<li>természetesen glutén- és laktózmentes</li>



<li>tökéletesen feloldódik</li>



<li>kellemes málna íz</li>
</ul>



<p><strong>Hatóanyagok napi adagban (12 g):</strong><br>Hidrolizált kollagén peptid (I. és II. típusú): 8000 mg <br>Glükozamin-szulfát: 1500 mg - ebből glükozamin: 1131 mg </p>



<ul class="wp-block-list">
<li>MSM: 300 mg</li>



<li>Hialuronsav: 100 mg</li>



<li>Kondroitin-szulfát: 100 mg</li>



<li>Kurkuma kivonat: 50 mg<br>- ebből kurkumin: 47,5 mg</li>



<li>Harpagophytum (ördögkarom) kivonat: 50 mg<br>- ebből harpagosid: 1 mg</li>



<li>C-vitamin: 200 mg</li>
</ul>



<p><strong>Összetétel:</strong> hidrolizált kollagén kivonat (szarvasmarha eredetű), glükózamin-szulfát, savanyúságot szabályozó anyag (citromsav), aromák, metil-szulfonil-metán (MSM), L-aszkorbinsav, csomósodásgátló (trikalcium-foszfát), nátrium-hialuronát, kondroitin-szulfát, kurkuma (Curcuma longa) gyökérkivonat, ördögkarom (Harpagophytum procumbens) gyökérkivonat, hidrolizált kollagén kivonat (csirke eredetű), édesítőszerek (szteviol-glikozidok, szukralóz), konyhasó.</p>



<p><strong>Ajánlott napi adag:</strong> 1 adagolókanál port alaposan keverjen el 2,5-3,5 dl hideg vízben, és lehetőleg étkezés után igya meg. <strong>Felhasználási ajánlás:</strong> 2-3 hónapig, majd tartson 2 hét szünetet.</p>



<p><strong>Súly: </strong>300g<br>Száraz helyen tárolja. </p>

<p>&#8230; <a class="more-link" href="#tab-description">Bővebben</a></p>
