{"id":9652,"date":"2025-07-30T17:32:29","date_gmt":"2025-07-30T15:32:29","guid":{"rendered":"https:\/\/www.biokari.sk\/produkt\/herbiovit-nechtikovy-krem-75ml\/"},"modified":"2026-04-28T19:01:58","modified_gmt":"2026-04-28T17:01:58","slug":"herbiovit-nechtikovy-krem-75ml","status":"publish","type":"product","link":"https:\/\/www.biokari.sk\/hu\/termek\/herbiovit-koromvirag-krem-75ml\/","title":{"rendered":"Herbiovit k\u00f6r\u00f6mvir\u00e1g kr\u00e9m 75ml"},"content":{"rendered":"<p><strong>Hipoallerg\u00e9n k\u00f6r\u00f6mvir\u00e1gkr\u00e9m<\/strong> term\u00e9szetes n\u00f6v\u00e9nyi kivonatok \u00e9s olajok, valamint nyugtat\u00f3 hat\u00f3anyagok hozz\u00e1ad\u00e1s\u00e1val <strong>allantoin<\/strong> a <strong>panthenol<\/strong>. <strong>Veg\u00e1n formula.<\/strong><br>Az egyed\u00fcl\u00e1ll\u00f3 kr\u00e9mes alapot a k\u00f6vetkez\u0151 \u00f6sszetev\u0151k kombin\u00e1ci\u00f3ja alkotja <strong>aloe vera l\u00e9<\/strong> a <strong>Virginia hamamelis kivonat<\/strong>.<\/p>\n\n\n\n<p><strong>Klinikailag igazolt hipoallerg\u00e9n hat\u00e1s.<\/strong><\/p>\n\n\n\n<p>F\u00fcggetlen\u00fcl, nemzetk\u00f6zi laborat\u00f3riumban, b\u0151rgy\u00f3gy\u00e1szatilag tesztelt hipoallerg\u00e9n kr\u00e9m extra \u00e9rz\u00e9keny b\u0151rre. Hipoallerg\u00e9nnek nevezz\u00fck azokat a term\u00e9keket, amelyek \u00f6sszet\u00e9tel\u00e9t \u00fagy v\u00e1lasztottuk ki, hogy minim\u00e1lisra cs\u00f6kkents\u00fck az allergi\u00e1s reakci\u00f3 val\u00f3sz\u00edn\u0171s\u00e9g\u00e9t. Az \u00e9rz\u00e9keny b\u0151r sokkal gyorsabban reag\u00e1l a k\u00fcls\u0151 ingerekre, mint a norm\u00e1l b\u0151r - gyorsan kipirosodik, viszkethet, kisz\u00e1radhat vagy repedezett\u00e9 v\u00e1lhat. Ez\u00e9rt az \u00e9rz\u00e9keny b\u0151r \u00e1pol\u00e1sa kih\u00edv\u00e1st jelent.<\/p>\n\n\n\n<p><strong>Mi\u00e9rt fontos hipoallerg\u00e9n kr\u00e9met haszn\u00e1lni, ha rendk\u00edv\u00fcl \u00e9rz\u00e9keny a b\u0151r\u00f6d?<\/strong><\/p>\n\n\n\n<p>Mert <strong>Herbiovit Calendula LIGHT hipoallerg\u00e9n kr\u00e9m<\/strong> az allergi\u00e1s reakci\u00f3k kock\u00e1zat\u00e1nak minimaliz\u00e1l\u00e1sa \u00e9rdek\u00e9ben fejlesztett\u00e9k ki, ugyanakkor <strong>nem k\u00e1ros\u00edtja a gyulladt b\u0151r v\u00e9d\u0151g\u00e1tj\u00e1t \u00e9s term\u00e9szetes savk\u00f6peny\u00e9t<\/strong>amely t\u00e1mogatja a b\u0151r\u00e1pol\u00e1s, p\u00e9ld\u00e1ul az ekc\u00e9ma kezel\u00e9s\u00e9t. Hangs\u00falyozni kell, hogy nagyon kev\u00e9s kr\u00e9m rendelkezik hasonl\u00f3 tulajdons\u00e1gokkal \u00e9s b\u0151rgy\u00f3gy\u00e1szatilag igazolt hat\u00e1sokkal.<\/p>\n\n\n\n<p>A legfontosabb dolog az, hogy ez a mi <strong>term\u00e9szetes kozmetikai term\u00e9k<\/strong> tisztas\u00e1g\u00e1nak k\u00f6sz\u00f6nhet\u0151en alkalmas az al\u00e1bbiak \u00e1pol\u00e1s\u00e1ra <strong>\u00e9rz\u00e9keny b\u0151r<\/strong>, valamint a mindennapi b\u0151r\u00e1pol\u00e1shoz, amely hajlamos a <strong>viszket\u00e9s vagy b\u0151rp\u00edr<\/strong>. Ezen k\u00edv\u00fcl kr\u00e9mes text\u00far\u00e1ja \u00e9s finom illata is hozz\u00e1j\u00e1rul ahhoz, hogy <strong>a j\u00f3 k\u00f6z\u00e9rzet \u00e9s a kikapcsol\u00f3d\u00e1s \u00e9rz\u00e9se<\/strong>.<\/p>\n\n\n\n<p>Tartalmazza a  c\u00edmet. <strong>hipoallerg\u00e9n \u00f6sszetev\u0151k \u00e9s parf\u00fcm\u00f6k<\/strong>amelyek m\u00e9g koncentr\u00e1lt form\u00e1ban sem tartalmaznak allerg\u00e9n anyagokat irrit\u00e1l\u00f3 mennyis\u00e9gben. A <strong>veg\u00e1n, gy\u00f3gyn\u00f6v\u00e9nyes term\u00e9szetes sz\u00e9ps\u00e9g\u00e1pol\u00e1si term\u00e9kek<\/strong> nagyobb biztons\u00e1g\u00e9rzetet ny\u00fajtanak azok sz\u00e1m\u00e1ra, akik nem allergi\u00e1sak egyetlen \u00f6sszetev\u0151re sem. Azonban azok sz\u00e1m\u00e1ra, akik ismerik a t\u00fal\u00e9rz\u00e9kenys\u00e9g\u00fcket, ez a bizonyos kr\u00e9m az ide\u00e1lis v\u00e1laszt\u00e1s.<\/p>\n\n\n\n<p><strong>Pr\u00f3b\u00e1lja ki b\u00e1tran.<\/strong><\/p>\n\n\n\n<p>Barrier \u00e9s kezel\u00e9s el\u0151k\u00e9sz\u00edt\u00e9se <strong>komplex hat\u00f3anyagok<\/strong>amelyek j\u00f3t\u00e9kony hat\u00e1ssal vannak <strong>kisebb b\u0151rgyullad\u00e1sok t\u00fcneteinek enyh\u00edt\u00e9se<\/strong> \u00e9s t\u00e1mogat\u00e1s <strong>kisebb s\u00e9r\u00fcl\u00e9sek gy\u00f3gyul\u00e1sa<\/strong>.<\/p>\n\n\n\n<p>Alkalmazhat\u00f3 a k\u00f6vetkez\u0151kre is <strong>rovarcs\u00edp\u00e9s okozta b\u0151rgyullad\u00e1sok<\/strong>. Komplex \u00f6sszetev\u0151i intenz\u00edven t\u00e1pl\u00e1lj\u00e1k a b\u0151rt, v\u00e9dik a kisz\u00e1rad\u00e1st\u00f3l \u00e9s a b\u0151rp\u00edrt\u00f3l. Nyugtatja a <strong>allergi\u00e1s irrit\u00e1ci\u00f3k<\/strong> (pl. napoz\u00e1s ut\u00e1n, rovarcs\u00edp\u00e9s ut\u00e1n), de a <strong>ig\u00e9nybevett b\u0151r<\/strong> (pl. epil\u00e1l\u00e1s ut\u00e1n) \u00e9s az irrit\u00e1ci\u00f3 okozta <strong>k\u00fcls\u0151 hat\u00e1sok<\/strong> (sz\u00e9l, hideg).<\/p>\n\n\n\n<p>Retrieved from <strong>k\u00f6r\u00f6mvir\u00e1g olajos kivonata<\/strong> \u00e9s a kr\u00e9m egy\u00e9b hat\u00f3anyagai <strong>antimikrobi\u00e1lis, gyullad\u00e1scs\u00f6kkent\u0151, antioxid\u00e1ns, h\u00e1mk\u00e9pz\u0151, gy\u00f3gy\u00edt\u00f3 \u00e9s immunstimul\u00e1l\u00f3 hat\u00e1s\u00fa.<\/strong><br>Jelen van <strong>Kamilla kivonat<\/strong> m\u0171k\u00f6dik <strong>nyugtat\u00f3, gyullad\u00e1scs\u00f6kkent\u0151 \u00e9s regener\u00e1l\u00f3 hat\u00e1s\u00fa<\/strong>.<br><strong>Jojobaolaj<\/strong> egy term\u00e9szetes n\u00f6v\u00e9nyi olaj, amely kiv\u00e1l\u00f3 \u00f6sszetev\u0151 a pattan\u00e1sos b\u0151r sz\u00e1m\u00e1ra, mivel k\u00e9pes cs\u00f6kkenteni a faggy\u00fatermel\u00e9st a pattan\u00e1sos kezel\u00e9s \u00e1ltal kisz\u00e1r\u00edtott b\u0151rben. Ez egy nagyszer\u0171 <strong>l\u00e1gy\u00edt\u00f3 \u00e9s hidrat\u00e1l\u00f3 \u00f6sszetev\u0151<\/strong> zs\u00edros \u00e9s sz\u00e1raz b\u0151rre egyar\u00e1nt.<\/p>\n\n\n\n<p>\u2705 <strong>Klinikailag igazolt hipoallerg\u00e9n hat\u00e1s. Nulla allergia.<\/strong><br>\u2705 <strong>B\u0151rgy\u00f3gy\u00e1szatilag tesztelt - gyeng\u00e9d a b\u0151rh\u00f6z.<\/strong><br>\u274c <strong>Nem tartalmaz szintetikus parf\u00fcm\u00f6ket \u00e9s sz\u00ednez\u00e9keket, \u00e1llati vagy \u00e1sv\u00e1nyi olajos \u00f6sszetev\u0151ket.<\/strong><br>\ud83c\udf31 <strong>Veg\u00e1n. \u00c1llati \u00f6sszetev\u0151k n\u00e9lk\u00fcl.<\/strong><\/p>\n\n\n\n<p><strong>K\u00f6tet:<\/strong> 75ml<\/p>\n\n\n\n<p><\/p>","protected":false},"excerpt":{"rendered":"<p>&#8230; <a class=\"more-link\" href=\"#tab-description\">B\u0151vebben<\/a><\/p>","protected":false},"featured_media":9653,"comment_status":"open","ping_status":"closed","template":"","meta":{"inline_featured_image":false},"product_brand":[],"product_cat":[19],"product_tag":[],"class_list":{"0":"post-9652","1":"product","2":"type-product","3":"status-publish","4":"has-post-thumbnail","6":"product_cat-ostatne","8":"first","9":"instock","10":"taxable","11":"shipping-taxable","12":"purchasable","13":"product-type-simple"},"aioseo_notices":[],"_links":{"self":[{"href":"https:\/\/www.biokari.sk\/hu\/wp-json\/wp\/v2\/product\/9652","targetHints":{"allow":["GET"]}}],"collection":[{"href":"https:\/\/www.biokari.sk\/hu\/wp-json\/wp\/v2\/product"}],"about":[{"href":"https:\/\/www.biokari.sk\/hu\/wp-json\/wp\/v2\/types\/product"}],"replies":[{"embeddable":true,"href":"https:\/\/www.biokari.sk\/hu\/wp-json\/wp\/v2\/comments?post=9652"}],"wp:featuredmedia":[{"embeddable":true,"href":"https:\/\/www.biokari.sk\/hu\/wp-json\/wp\/v2\/media\/9653"}],"wp:attachment":[{"href":"https:\/\/www.biokari.sk\/hu\/wp-json\/wp\/v2\/media?parent=9652"}],"wp:term":[{"taxonomy":"product_brand","embeddable":true,"href":"https:\/\/www.biokari.sk\/hu\/wp-json\/wp\/v2\/product_brand?post=9652"},{"taxonomy":"product_cat","embeddable":true,"href":"https:\/\/www.biokari.sk\/hu\/wp-json\/wp\/v2\/product_cat?post=9652"},{"taxonomy":"product_tag","embeddable":true,"href":"https:\/\/www.biokari.sk\/hu\/wp-json\/wp\/v2\/product_tag?post=9652"}],"curies":[{"name":"wp","href":"https:\/\/api.w.org\/{rel}","templated":true}]}}

Herbiovit körömvirág krém 75ml

<p><strong>Hipoallergén körömvirágkrém</strong> természetes növényi kivonatok és olajok, valamint nyugtató hatóanyagok hozzáadásával <strong>allantoin</strong> a <strong>panthenol</strong>. <strong>Vegán formula.</strong><br>Az egyedülálló krémes alapot a következő összetevők kombinációja alkotja <strong>aloe vera lé</strong> a <strong>Virginia hamamelis kivonat</strong>.</p>



<p><strong>Klinikailag igazolt hipoallergén hatás.</strong></p>



<p>Függetlenül, nemzetközi laboratóriumban, bőrgyógyászatilag tesztelt hipoallergén krém extra érzékeny bőrre. Hipoallergénnek nevezzük azokat a termékeket, amelyek összetételét úgy választottuk ki, hogy minimálisra csökkentsük az allergiás reakció valószínűségét. Az érzékeny bőr sokkal gyorsabban reagál a külső ingerekre, mint a normál bőr - gyorsan kipirosodik, viszkethet, kiszáradhat vagy repedezetté válhat. Ezért az érzékeny bőr ápolása kihívást jelent.</p>



<p><strong>Miért fontos hipoallergén krémet használni, ha rendkívül érzékeny a bőröd?</strong></p>



<p>Mert <strong>Herbiovit Calendula LIGHT hipoallergén krém</strong> az allergiás reakciók kockázatának minimalizálása érdekében fejlesztették ki, ugyanakkor <strong>nem károsítja a gyulladt bőr védőgátját és természetes savköpenyét</strong>amely támogatja a bőrápolás, például az ekcéma kezelését. Hangsúlyozni kell, hogy nagyon kevés krém rendelkezik hasonló tulajdonságokkal és bőrgyógyászatilag igazolt hatásokkal.</p>



<p>A legfontosabb dolog az, hogy ez a mi <strong>természetes kozmetikai termék</strong> tisztaságának köszönhetően alkalmas az alábbiak ápolására <strong>érzékeny bőr</strong>, valamint a mindennapi bőrápoláshoz, amely hajlamos a <strong>viszketés vagy bőrpír</strong>. Ezen kívül krémes textúrája és finom illata is hozzájárul ahhoz, hogy <strong>a jó közérzet és a kikapcsolódás érzése</strong>.</p>



<p>Tartalmazza a  címet. <strong>hipoallergén összetevők és parfümök</strong>amelyek még koncentrált formában sem tartalmaznak allergén anyagokat irritáló mennyiségben. A <strong>vegán, gyógynövényes természetes szépségápolási termékek</strong> nagyobb biztonságérzetet nyújtanak azok számára, akik nem allergiásak egyetlen összetevőre sem. Azonban azok számára, akik ismerik a túlérzékenységüket, ez a bizonyos krém az ideális választás.</p>



<p><strong>Próbálja ki bátran.</strong></p>



<p>Barrier és kezelés előkészítése <strong>komplex hatóanyagok</strong>amelyek jótékony hatással vannak <strong>kisebb bőrgyulladások tüneteinek enyhítése</strong> és támogatás <strong>kisebb sérülések gyógyulása</strong>.</p>



<p>Alkalmazható a következőkre is <strong>rovarcsípés okozta bőrgyulladások</strong>. Komplex összetevői intenzíven táplálják a bőrt, védik a kiszáradástól és a bőrpírtól. Nyugtatja a <strong>allergiás irritációk</strong> (pl. napozás után, rovarcsípés után), de a <strong>igénybevett bőr</strong> (pl. epilálás után) és az irritáció okozta <strong>külső hatások</strong> (szél, hideg).</p>



<p>Retrieved from <strong>körömvirág olajos kivonata</strong> és a krém egyéb hatóanyagai <strong>antimikrobiális, gyulladáscsökkentő, antioxidáns, hámképző, gyógyító és immunstimuláló hatású.</strong><br>Jelen van <strong>Kamilla kivonat</strong> működik <strong>nyugtató, gyulladáscsökkentő és regeneráló hatású</strong>.<br><strong>Jojobaolaj</strong> egy természetes növényi olaj, amely kiváló összetevő a pattanásos bőr számára, mivel képes csökkenteni a faggyútermelést a pattanásos kezelés által kiszárított bőrben. Ez egy nagyszerű <strong>lágyító és hidratáló összetevő</strong> zsíros és száraz bőrre egyaránt.</p>



<p>✅ <strong>Klinikailag igazolt hipoallergén hatás. Nulla allergia.</strong><br>✅ <strong>Bőrgyógyászatilag tesztelt - gyengéd a bőrhöz.</strong><br>❌ <strong>Nem tartalmaz szintetikus parfümöket és színezékeket, állati vagy ásványi olajos összetevőket.</strong><br>🌱 <strong>Vegán. Állati összetevők nélkül.</strong></p>



<p><strong>Kötet:</strong> 75ml</p>



<p></p>

<p>&#8230; <a class="more-link" href="#tab-description">Bővebben</a></p>
