{"id":9666,"date":"2025-07-30T18:01:29","date_gmt":"2025-07-30T16:01:29","guid":{"rendered":"https:\/\/www.biokari.sk\/produkt\/herbiovit-bylinkova-konska-mast-250ml\/"},"modified":"2026-01-27T08:41:55","modified_gmt":"2026-01-27T07:41:55","slug":"herbiovit-bylinkova-konska-mast-250ml","status":"publish","type":"product","link":"https:\/\/www.biokari.sk\/hu\/termek\/herbiovit-gyogynovenyes-lo-kenocs-250ml\/","title":{"rendered":"Herbiovit Gy\u00f3gyn\u00f6v\u00e9nyes l\u00f3kr\u00e9m 250ml"},"content":{"rendered":"<p><strong>A n\u00e9pszer\u0171 gy\u00f3gyn\u00f6v\u00e9nyes, h\u0171s\u00edt\u0151 l\u00f3balzsam praktikus kisebb v\u00e1ltozatban.<\/strong><br>\u00cdgy mindig magadn\u00e1l tarthatod a nap folyam\u00e1n - vidd magaddal edz\u00e9sre, \u00fatra, munk\u00e1ba vagy b\u00e1rhov\u00e1, ahov\u00e1 csak akarod!<\/p>\n\n\n\n<p>K\u00fcl\u00f6nlegesen \u00f6ssze\u00e1ll\u00edtott <strong>gy\u00f3gyn\u00f6v\u00e9nyes, h\u0171s\u00edt\u0151 l\u00f3balzsam<\/strong> a k\u00f6vetkez\u0151k kivonatainak hozz\u00e1ad\u00e1s\u00e1val <strong>rozmaring, komf\u0171, borsmenta \u00e9s \u00e1rnika<\/strong>valamint extra <strong>Gl\u00fckozamin<\/strong> a <strong>g\u00e1from<\/strong>. Friss\u00edt\u0151t tartalmaz <strong>mentol<\/strong>. <strong>Veg\u00e1n formula.<\/strong><br>Egyed\u00fcl\u00e1ll\u00f3 kr\u00e9mes alap, amelyet a k\u00f6vetkez\u0151k kombin\u00e1l\u00e1s\u00e1val hoztak l\u00e9tre <strong>aloe vera l\u00e9<\/strong> a <strong>Virginia hamamelis kivonat<\/strong> nyugtat\u00f3 \u00e9s \u00e1pol\u00f3 hat\u00e1s\u00fa.<\/p>\n\n\n\n<h3 class=\"wp-block-heading\"><strong>Az izommerevs\u00e9g enyh\u00edt\u00e9s\u00e9re aj\u00e1nlott a b\u0151r kezel\u00e9se \u00e9rdek\u00e9ben.<\/strong><\/h3>\n\n\n\n<p>Egyed\u00fcl\u00e1ll\u00f3an kifejlesztett komplex \u00f6sszet\u00e9tel <strong>term\u00e9szetes m\u00f3don serkenti a v\u00e9rkering\u00e9st a kezelt ter\u00fcleten.<\/strong><\/p>\n\n\n\n<p>A tartalomnak k\u00f6sz\u00f6nhet\u0151en <strong>k\u00e1mfor, mentol \u00e9s gy\u00f3gyn\u00f6v\u00e9nykivonatok<\/strong> jelent\u0151s v\u00e9rkering\u00e9st okoz a b\u0151rben.<br>H\u0171t\u0151 k\u00e9sz\u00edtm\u00e9ny, amely haszn\u00e1lhat\u00f3 <strong>minden b\u0151rt\u00edpus<\/strong>.<br>A mentol r\u00f6vid ideig tart\u00f3 h\u0171s\u00edt\u0151 \u00e9rz\u00e9st biztos\u00edt, m\u00edg a hat\u00f3anyagok fokozatosan hatnak \u00e9s hosszan tart\u00f3 hat\u00e1st fejtenek ki.<\/p>\n\n\n\n<p>A term\u00e9k hat\u00f3anyagai seg\u00edtenek <strong>enyh\u00edti \u00e9s laz\u00edtja az izommerevs\u00e9get, a folyad\u00e9kvisszatart\u00e1st<\/strong> \u00e9s jav\u00edtja a kezelt b\u0151r rugalmass\u00e1g\u00e1t.<br><strong>H\u0171t\u0151 hat\u00e1s<\/strong> regener\u00e1lja a lelassult anyagcsere-folyamatokat, \u00e9s seg\u00edt elt\u00e1vol\u00edtani a felgy\u00fclemlett folyad\u00e9kot \u00e9s salakanyagokat.<br><strong>K\u00e1mfor \u00e9s mentol kombin\u00e1ci\u00f3ja<\/strong> intenz\u00edvebb h\u0171s\u00edt\u0151 \u00e9rz\u00e9st kelt a b\u0151r\u00f6n.<br>A k\u00e1mfor a <strong>helyi v\u00e9rkering\u00e9st fokoz\u00f3 hat\u00e1s<\/strong> seg\u00edt cs\u00f6kkenteni a gyullad\u00e1st \u00e9s a gyullad\u00e1s okozta kellemetlens\u00e9geket. A fokozott v\u00e9rkering\u00e9s er\u0151s\u00edti <strong>a szervezet v\u00e9dekez\u0151k\u00e9pess\u00e9ge<\/strong>.<\/p>\n\n\n\n<p>A kr\u00e9mben l\u00e9v\u0151 gy\u00f3gyn\u00f6v\u00e9nykivonatokb\u00f3l <strong>aloe vera<\/strong> k\u00fcls\u0151leg alkalmazva hidrat\u00e1lja a b\u0151rt \u00e9s jav\u00edtja a b\u0151r \u00e9s a ny\u00e1lkah\u00e1rty\u00e1k mikrokering\u00e9s\u00e9t.<br>K\u00f6sz\u00f6n\u00f6m <strong>az aloe vera \u00e9rt\u00e1g\u00edt\u00f3 hat\u00e1sa<\/strong> jav\u00edtja a s\u00e9r\u00fclt sz\u00f6vetek v\u00e9rkering\u00e9s\u00e9t, ami el\u0151seg\u00edti a b\u0151rprobl\u00e9m\u00e1k gy\u00f3gyul\u00e1s\u00e1t.<\/p>\n\n\n\n<p>\u2705 <strong>Veg\u00e1n term\u00e9k.<\/strong> Nem tartalmaz \u00e1llati eredet\u0171 \u00f6sszetev\u0151ket.<br>\u274c <strong>Szintetikus illat- \u00e9s sz\u00ednez\u00e9kanyagokt\u00f3l, \u00e1llati \u00f6sszetev\u0151kt\u0151l \u00e9s \u00e1sv\u00e1nyi olajokt\u00f3l mentes.<\/strong><br>\ud83c\udf3f <strong>B\u0151rgy\u00f3gy\u00e1szatilag tesztelt, b\u0151rbar\u00e1t.<\/strong><\/p>\n\n\n\n<p>\ud83d\udca1 <strong>Tipp:<\/strong> Ha fejf\u00e1j\u00e1s vagy tart\u00f3s migr\u00e9n gy\u00f6tri, vigyen fel egy kis mennyis\u00e9g\u0171 balzsamot a hal\u00e1nt\u00e9k\u00e1ra. <strong>szinte azonnal \u00e9rezni fogja a nyugtat\u00f3 hat\u00e1st.<\/strong><\/p>\n\n\n\n<p><strong>Alkalmaz\u00e1s:<\/strong> Vigye fel naponta a k\u00edv\u00e1nt b\u0151rfel\u00fcletre, \u00e9s finoman massz\u00edrozza be. Minden b\u0151rt\u00edpusra alkalmas.<\/p>\n\n\n\n<p>\u26a0\ufe0f <strong>Kiz\u00e1r\u00f3lag k\u00fclt\u00e9ri haszn\u00e1latra!<\/strong><br>A tiszta, term\u00e9szetes formula meg\u0151rz\u00e9se \u00e9rdek\u00e9ben haszn\u00e1latakor \u00fcgyeljen arra, hogy tiszta k\u00e9zzel ny\u00faljon a t\u00e9gelybe.<br><strong>Ker\u00fclje a szemmel, ny\u00e1lkah\u00e1rty\u00e1val \u00e9s ny\u00edlt sebbel val\u00f3 \u00e9rintkez\u00e9st! Gyermekek el\u0151l elz\u00e1rva tartand\u00f3!<\/strong> A t\u00e9telsz\u00e1mot a csomagol\u00e1son felt\u00fcntetik.<\/p>\n\n\n\n<p><strong>T\u00e1rol\u00e1s:<\/strong> 10-25 \u00b0C-on t\u00e1rolja, f\u00e9nyt\u0151l \u00e9s h\u0151t\u0151l v\u00e9dve.<\/p>\n\n\n\n<p><strong>K\u00f6tet:<\/strong> 250ml<\/p>","protected":false},"excerpt":{"rendered":"<p>&#8230; <a class=\"more-link\" href=\"#tab-description\">B\u0151vebben<\/a><\/p>","protected":false},"featured_media":9668,"comment_status":"open","ping_status":"closed","template":"","meta":{"inline_featured_image":false},"product_brand":[],"product_cat":[19],"product_tag":[],"class_list":{"0":"post-9666","1":"product","2":"type-product","3":"status-publish","4":"has-post-thumbnail","6":"product_cat-ostatne","8":"first","9":"instock","10":"taxable","11":"shipping-taxable","12":"purchasable","13":"product-type-simple"},"aioseo_notices":[],"_links":{"self":[{"href":"https:\/\/www.biokari.sk\/hu\/wp-json\/wp\/v2\/product\/9666","targetHints":{"allow":["GET"]}}],"collection":[{"href":"https:\/\/www.biokari.sk\/hu\/wp-json\/wp\/v2\/product"}],"about":[{"href":"https:\/\/www.biokari.sk\/hu\/wp-json\/wp\/v2\/types\/product"}],"replies":[{"embeddable":true,"href":"https:\/\/www.biokari.sk\/hu\/wp-json\/wp\/v2\/comments?post=9666"}],"wp:featuredmedia":[{"embeddable":true,"href":"https:\/\/www.biokari.sk\/hu\/wp-json\/wp\/v2\/media\/9668"}],"wp:attachment":[{"href":"https:\/\/www.biokari.sk\/hu\/wp-json\/wp\/v2\/media?parent=9666"}],"wp:term":[{"taxonomy":"product_brand","embeddable":true,"href":"https:\/\/www.biokari.sk\/hu\/wp-json\/wp\/v2\/product_brand?post=9666"},{"taxonomy":"product_cat","embeddable":true,"href":"https:\/\/www.biokari.sk\/hu\/wp-json\/wp\/v2\/product_cat?post=9666"},{"taxonomy":"product_tag","embeddable":true,"href":"https:\/\/www.biokari.sk\/hu\/wp-json\/wp\/v2\/product_tag?post=9666"}],"curies":[{"name":"wp","href":"https:\/\/api.w.org\/{rel}","templated":true}]}}

Herbiovit Gyógynövényes lókrém 250ml

<p><strong>A népszerű gyógynövényes, hűsítő lóbalzsam praktikus kisebb változatban.</strong><br>Így mindig magadnál tarthatod a nap folyamán - vidd magaddal edzésre, útra, munkába vagy bárhová, ahová csak akarod!</p>



<p>Különlegesen összeállított <strong>gyógynövényes, hűsítő lóbalzsam</strong> a következők kivonatainak hozzáadásával <strong>rozmaring, komfű, borsmenta és árnika</strong>valamint extra <strong>Glükozamin</strong> a <strong>gáfrom</strong>. Frissítőt tartalmaz <strong>mentol</strong>. <strong>Vegán formula.</strong><br>Egyedülálló krémes alap, amelyet a következők kombinálásával hoztak létre <strong>aloe vera lé</strong> a <strong>Virginia hamamelis kivonat</strong> nyugtató és ápoló hatású.</p>



<h3 class="wp-block-heading"><strong>Az izommerevség enyhítésére ajánlott a bőr kezelése érdekében.</strong></h3>



<p>Egyedülállóan kifejlesztett komplex összetétel <strong>természetes módon serkenti a vérkeringést a kezelt területen.</strong></p>



<p>A tartalomnak köszönhetően <strong>kámfor, mentol és gyógynövénykivonatok</strong> jelentős vérkeringést okoz a bőrben.<br>Hűtő készítmény, amely használható <strong>minden bőrtípus</strong>.<br>A mentol rövid ideig tartó hűsítő érzést biztosít, míg a hatóanyagok fokozatosan hatnak és hosszan tartó hatást fejtenek ki.</p>



<p>A termék hatóanyagai segítenek <strong>enyhíti és lazítja az izommerevséget, a folyadékvisszatartást</strong> és javítja a kezelt bőr rugalmasságát.<br><strong>Hűtő hatás</strong> regenerálja a lelassult anyagcsere-folyamatokat, és segít eltávolítani a felgyülemlett folyadékot és salakanyagokat.<br><strong>Kámfor és mentol kombinációja</strong> intenzívebb hűsítő érzést kelt a bőrön.<br>A kámfor a <strong>helyi vérkeringést fokozó hatás</strong> segít csökkenteni a gyulladást és a gyulladás okozta kellemetlenségeket. A fokozott vérkeringés erősíti <strong>a szervezet védekezőképessége</strong>.</p>



<p>A krémben lévő gyógynövénykivonatokból <strong>aloe vera</strong> külsőleg alkalmazva hidratálja a bőrt és javítja a bőr és a nyálkahártyák mikrokeringését.<br>Köszönöm <strong>az aloe vera értágító hatása</strong> javítja a sérült szövetek vérkeringését, ami elősegíti a bőrproblémák gyógyulását.</p>



<p>✅ <strong>Vegán termék.</strong> Nem tartalmaz állati eredetű összetevőket.<br>❌ <strong>Szintetikus illat- és színezékanyagoktól, állati összetevőktől és ásványi olajoktól mentes.</strong><br>🌿 <strong>Bőrgyógyászatilag tesztelt, bőrbarát.</strong></p>



<p>💡 <strong>Tipp:</strong> Ha fejfájás vagy tartós migrén gyötri, vigyen fel egy kis mennyiségű balzsamot a halántékára. <strong>szinte azonnal érezni fogja a nyugtató hatást.</strong></p>



<p><strong>Alkalmazás:</strong> Vigye fel naponta a kívánt bőrfelületre, és finoman masszírozza be. Minden bőrtípusra alkalmas.</p>



<p>⚠️ <strong>Kizárólag kültéri használatra!</strong><br>A tiszta, természetes formula megőrzése érdekében használatakor ügyeljen arra, hogy tiszta kézzel nyúljon a tégelybe.<br><strong>Kerülje a szemmel, nyálkahártyával és nyílt sebbel való érintkezést! Gyermekek elől elzárva tartandó!</strong> A tételszámot a csomagoláson feltüntetik.</p>



<p><strong>Tárolás:</strong> 10-25 °C-on tárolja, fénytől és hőtől védve.</p>



<p><strong>Kötet:</strong> 250ml</p>

<p>&#8230; <a class="more-link" href="#tab-description">Bővebben</a></p>
